z - 2*z**2 + 4*z**2 + 4 - 3*z**2. Let q be y(-4). Let x = q + 10. List the prime factors of x.
2, 5
Let q = 435 - 103. What are the prime factors of q?
2, 83
Suppose -2*o + 0 = -4. Suppose o*f = 3*f - 10. List the prime factors of f.
2, 5
Suppose 0 - 6 = 3*h. Let a be (2/(-6) + 1)*9. List the prime factors of (3/a)/(h/(-16)).
2
Suppose 2*t + 4*r - 2*r + 1324 = 0, -2*r + 4 = 0. What are the prime factors of t/(-20) - 1/5?
3, 11
Suppose w = -0*w - 45. What are the prime factors of (2/6)/((-3)/w)?
5
What are the prime factors of (-1515)/(-10) + (-10)/(-4)?
2, 7, 11
Let a be 3154/30 + (-6)/45. Let o = a + -55. List the prime factors of o.
2, 5
Suppose -7*g + 48 = -3*g - 4*x, 0 = 5*x + 15. What are the prime factors of g?
3
Let d = 9 + -27. Let u = -6 - d. List the prime factors of u.
2, 3
Let l = 5 + -3. Suppose 3*z = 2*d - 2, 0 = -l*d + z - 2. Let h = 7 - d. List the prime factors of h.
3
Let l(g) = g**2 + 5*g + 3. What are the prime factors of l(-7)?
17
Suppose -2*y + 72 = 2*v - 3*y, -2*y - 74 = -2*v. List the prime factors of v.
5, 7
Let n(l) = l**3 - 8*l**2 - 5*l + 12. List the prime factors of n(9).
2, 3
Suppose 0 = m - 4*d - 139, -6*m + 3*d = -4*m - 293. List the prime factors of m.
151
Let x be 27/5 + 3/5. Let w be (x - 2 - 3) + 7. Let f = w - 3. What are the prime factors of f?
5
Let z(k) = k + 1. Let t = 1 + -1. Let s be (2 + 5 - 1) + t. List the prime factors of z(s).
7
Let d(x) = -7*x + 1. Let w(y) = 22*y - 4. Let z(o) = 11*d(o) + 4*w(o). What are the prime factors of z(4)?
3, 13
Let z(b) = -b**2 - 5*b - 4. Let v be z(-4). Suppose v = k - 4*k + 51. What are the prime factors of k?
17
Let m be (-8)/5*(-5)/2. Suppose m*p = -0*p + 20. What are the prime factors of p?
5
Suppose 680 = 6*v - 4*v. List the prime factors of v.
2, 5, 17
Let u = 79 + -123. Let v = -25 - u. What are the prime factors of v?
19
What are the prime factors of ((-4)/(-12))/((-1)/(-219))?
73
Let p = -35 + 74. List the prime factors of p.
3, 13
Let s(o) = o - 2. Let a be s(7). Suppose -a*x = -20, -2*w + 7*x = 2*x - 22. What are the prime factors of w?
3, 7
Suppose -2*f = 3*g - 5*g - 2, -4*g = -5*f + 2. Let p(m) = -2*m**3 - 2*m**2 - 4*m - 5. What are the prime factors of p(g)?
43
Let d = 245 - 168. What are the prime factors of d?
7, 11
List the prime factors of 24/(-16) + 58/4.
13
Let d(k) = -2*k + 8. Let p be d(11). Let w(r) = r + 23. What are the prime factors of w(p)?
3
Suppose -2*h + h = -3*q - 18, -q + 90 = 5*h. List the prime factors of h.
2, 3
Let l(j) be the third derivative of -31*j**4/24 + j**3/6 - 3*j**2. Let i be l(1). What are the prime factors of (i/(-4))/(9/12)?
2, 5
Let o = -11 - -8. Let i be o/((-3)/4)*-1. List the prime factors of (-42)/i - 3/(-6).
11
Let t(w) = w**2 + 4*w - 2. Let f be t(-5). Suppose -3*s = -4*d - 1 + 6, -s = -1. Suppose m + f = d*m. What are the prime factors of m?
3
Let s(d) = -3*d**3 - 3*d**2 + d + 4. List the prime factors of s(-3).
5, 11
Suppose 497 = 4*f - 5*k, 4*f = 6*k - 3*k + 503. What are the prime factors of f?
2
Let q = 16 - 11. What are the prime factors of q?
5
Let p = 339 - 142. List the prime factors of p.
197
Let a(d) = -2*d - 6 - 7*d + 3 + 2. What are the prime factors of a(-2)?
17
Let w be (-49)/2 - (-21)/(-14). Let q = -10 - w. List the prime factors of q.
2
Let g(x) = -x**3 - x**2 + 5*x - 1. Suppose -3*r - 3 = 9. List the prime factors of g(r).
3
Suppose -2*k + k = v - 19, 2*v + 5*k - 47 = 0. What are the prime factors of v?
2
Suppose 5*n = 29 - 14. Suppose 4*w - 20 = n*w. List the prime factors of w.
2, 5
Let k(x) = 18*x**2 + x. Let a be (-2)/5 + (-7)/(-5). Let h(m) = -m**2. Let b(t) = a*k(t) + 6*h(t). What are the prime factors of b(-1)?
11
Suppose 0 = -3*t + 5*c - 4, 0 = -0*t + 2*t - 4*c + 2. Let p = -6 - -10. What are the prime factors of t*p/6 + 17?
3, 5
Suppose 11*t = 7*t + 16. Suppose t*x + 54 = 3*a, -2*x = -5*a + a + 62. What are the prime factors of a?
2, 7
Let f be (2 + 1)*(1 - 0). Suppose -4*m + 22 = 5*c, -4*c - f*m + 25 = 8. What are the prime factors of (-68)/(-6) - c/(-3)?
2, 3
Suppose 16 = -2*y - 0*y. Let z = -3 - y. Suppose z*n - 25 - 5 = 0. List the prime factors of n.
2, 3
Suppose 3*l - 4 = l. Suppose 0 = -l*m + 62 - 20. Let h = -12 + m. List the prime factors of h.
3
Let f = 3 - 11. Let k(r) = -r**2 - 10*r - 12. List the prime factors of k(f).
2
Suppose 5*a - 3*k = 27, 6*k + 14 = -2*a + k. List the prime factors of 5*(a - (-4 - -3)).
2, 5
Suppose -i + 2 + 1 = 0. Let z be (0 + 1)*(0 + i). Let p = z + 13. What are the prime factors of p?
2
Suppose -2*k = 3*t + 60, 2*t - k + 30 = k. Let b = 36 + t. List the prime factors of b.
2, 3
Let o(b) = 7 - 3 + 0*b - 4*b. Let l be o(5). List the prime factors of 2 + -1 + l/(-2).
3
Let v be (-1)/2 - 3/2. Let q be v/(-8) - (-3)/(-12). Suppose 4*j = 6*j - r - 29, q = -4*r - 20. What are the prime factors of j?
2, 3
Let l(j) = -j + 1. Let s be l(-5). Let u = s - 0. Suppose -r = -u*r + 35. What are the prime factors of r?
7
What are the prime factors of (3/(6/(-2)) - -96) + 3?
2, 7
Let x be (-8 - -2)*(-6)/4. Let o(j) = -j - 1. Let d(r) = 6*r + 3. Let g(n) = d(n) + 5*o(n). List the prime factors of g(x).
7
Suppose 0*g - 2*g + 4 = 0. Let o be ((-3)/g)/3*-10. Suppose -10 = -5*w - 0*w, -99 = -o*q + 3*w. What are the prime factors of q?
3, 7
Suppose 0 = 5*s - 3*d - 50, 3*s + 2*d - 4*d = 30. Suppose s = -3*n + 1, -3*p - 3*n + 48 = 0. List the prime factors of p.
19
Let p be (-1)/(-4)*2*54. Suppose -2*i = 3*t - 14, 5*i + 4*t - p = 1. Suppose i*o - 2 = 6. What are the prime factors of o?
2
Let x = -203 + 466. What are the prime factors of x?
263
Let a = -278 - -581. What are the prime factors of a?
3, 101
Suppose -323 = -3*i + 4*s, -s = 3*i + 2*s - 351. What are the prime factors of i?
113
Let q(o) = -2*o + 1. Let r be q(-1). Let x(g) be the second derivative of g**5/20 - g**4/4 + g**3/2 - g**2/2 + g. List the prime factors of x(r).
2
Let s(d) = 2*d - 7. Let u be s(5). Suppose -5*j = u*g - 20 - 12, -5*g + 44 = -j. List the prime factors of g.
3
Let t = 0 + 5. Suppose o = t - 0. Suppose 0*q - o*q = -85. List the prime factors of q.
17
Let v = 18 - -139. List the prime factors of v.
157
Let k = 6 + -3. Let r be (4 - k)*(1 + -1). Suppose 3*s = 3*d + 2*d - 34, r = 2*d + 4*s + 2. What are the prime factors of d?
5
Let o(j) = -9*j**2 + j - 15. Let p(v) = -5*v**2 - 8. Let u(x) = 6*o(x) - 11*p(x). Let a(b) = b - 5. Let g be a(-3). What are the prime factors of u(g)?
2, 7
Let h = -12 - -27. Let p be 12/h*(-50)/4. What are the prime factors of p/(-35) - 206/(-14)?
3, 5
Suppose -3*n - 53 = -4*n. What are the prime factors of n?
53
Let r = 88 + -43. What are the prime factors of r?
3, 5
Let f(y) = -y**3 - 6*y**2 - 7*y - 3. Let u be 1 + (0 - -1) + 0. Let x = -7 + u. What are the prime factors of f(x)?
7
Let p(d) be the first derivative of -d**4/4 + 7*d**3/3 + 5*d**2 - 12*d + 8. What are the prime factors of p(8)?
2
Suppose 4*b = 3*z + 8, 2 = -b + 7. Suppose -z*x + 13 + 15 = 0. What are the prime factors of x?
7
Suppose -5*c = 5*q - 0*q - 10, 2*c + 11 = q. Let m = 9 + -5. Suppose q*d - m = 31. What are the prime factors of d?
7
Let j(f) = -8*f - 5. List the prime factors of j(-4).
3
Let m be -59 + 4/((-8)/(-6)). Let k be (3/(-2))/(21/m). Suppose -i = k*i - 90. List the prime factors of i.
2, 3
Let z be (2 - (-14)/(-4))*-2. Suppose 0 = -v - 0*v + z. What are the prime factors of v?
3
Let q(r) = 17*r**2 - 4*r + 1. List the prime factors of q(1).
2, 7
Suppose -y + 10 = 5*b - 3, -b = 2*y + 1. Suppose 0*j = b*i + 2*j - 63, 0 = 4*i - 5*j - 61. What are the prime factors of i?
19
Let k(s) = -11*s**2 + 14*s - 4. Let y(p) = -5*p**2 + 7*p - 2. Let d(q) = 4*k(q) - 9*y(q). Let f be d(8). What are the prime factors of 76/10*f/4?
19
Suppose 4*s + 15 + 1 = 0. What are the prime factors of (-6)/s*(-196)/(-21)?
2, 7
Let t(l) = 3*l**3 - 4*l + 3. List the prime factors of t(2).
19
Suppose -2*i = 2*a - 52, 4*a - 139 = -0*i + 3*i. What are the prime factors of a?
31
Let q(p) = p**3 + 5*p**2 - 3*p - 6. Let x be q(-5). Suppose 229 - x = 5*j. List the prime factors of j.
2, 11
Suppose a = -4*r + 17, -r - 5*a + 1 = -2*r. Let i(j) = 2*j - 2. List the prime factors of i(r).
2, 3
Suppose 0 = 2*k - 4*g - 7 + 1, -3*k - 4*g = 11. Let d = k + 6. List the prime factors of d.
5
Suppose -13 - 2 = -5*j. What are the 